{"id":787,"date":"2022-09-08T13:44:12","date_gmt":"2022-09-08T20:44:12","guid":{"rendered":"https:\/\/westminsterpawn.com\/vietnamese\/?page_id=787"},"modified":"2022-10-11T06:10:03","modified_gmt":"2022-10-11T13:10:03","slug":"blog","status":"publish","type":"page","link":"https:\/\/westminsterpawn.com\/vietnamese\/blog\/","title":{"rendered":"Blog"},"content":{"rendered":"<p>[et_pb_section fb_built=&#8221;1&#8243; _builder_version=&#8221;4.17.6&#8243; _module_preset=&#8221;default&#8221; background_color=&#8221;#f4f4f4&#8243; custom_padding=&#8221;0px||0px||true|false&#8221; global_colors_info=&#8221;{}&#8221;][et_pb_row column_structure=&#8221;1_2,1_2&#8243; use_custom_gutter=&#8221;on&#8221; gutter_width=&#8221;1&#8243; make_equal=&#8221;on&#8221; _builder_version=&#8221;4.17.6&#8243; _module_preset=&#8221;default&#8221; width=&#8221;100%&#8221; max_width=&#8221;1550px&#8221; module_alignment=&#8221;center&#8221; custom_padding=&#8221;0px||0px||false|false&#8221; global_colors_info=&#8221;{}&#8221;][et_pb_column type=&#8221;1_2&#8243; _builder_version=&#8221;4.17.6&#8243; _module_preset=&#8221;default&#8221; background_image=&#8221;https:\/\/westminsterpawn.com\/vietnamese\/\/wp-content\/uploads\/2022\/09\/Electronic-Devices-in-Westminster-Pawn-Shop-img1.jpg&#8221; custom_padding=&#8221;140px||140px||true|false&#8221; global_colors_info=&#8221;{}&#8221;][et_pb_text _builder_version=&#8221;4.17.6&#8243; _module_preset=&#8221;default&#8221; global_colors_info=&#8221;{}&#8221;][\/et_pb_text][\/et_pb_column][et_pb_column type=&#8221;1_2&#8243; _builder_version=&#8221;4.17.6&#8243; _module_preset=&#8221;default&#8221; global_colors_info=&#8221;{}&#8221;][et_pb_text _builder_version=&#8221;4.17.6&#8243; _module_preset=&#8221;default&#8221; text_letter_spacing=&#8221;1px&#8221; text_line_height=&#8221;2em&#8221; header_font=&#8221;ZapfHumanist601BT-Roman|500|||||||&#8221; header_text_align=&#8221;center&#8221; header_font_size=&#8221;36px&#8221; header_letter_spacing=&#8221;6px&#8221; header_line_height=&#8221;1.5em&#8221; text_orientation=&#8221;center&#8221; custom_padding=&#8221;100px|40px|100px|40px|true|true&#8221; custom_padding_tablet=&#8221;100px|40px|100px|40px|true|true&#8221; custom_padding_phone=&#8221;40px|40px|40px|40px|true|true&#8221; custom_padding_last_edited=&#8221;on|phone&#8221; hover_enabled=&#8221;0&#8243; global_colors_info=&#8221;{}&#8221; sticky_enabled=&#8221;0&#8243;]<\/p>\n<h1>C\u00e1c b\u00e0i \u0111\u0103ng tr\u00ean blog c\u1ee7a ch\u00fang t\u00f4<\/h1>\n<p>Westminster Pawn t\u1ef1 h\u00e0o cung c\u1ea5p m\u1ee9c gi\u00e1 tuy\u1ec7t v\u1eddi cho c\u00e1c lo\u1ea1i \u0111\u1ed3 \u0111i\u1ec7n t\u1eed ch\u1ea5t l\u01b0\u1ee3ng cao. Ch\u00fang t\u00f4i c\u0169ng cung c\u1ea5p nhi\u1ec1u nh\u1ea5t cho c\u00e1c thi\u1ebft b\u1ecb \u0111i\u1ec7n t\u1eed \u0111\u01b0\u1ee3c s\u1eed d\u1ee5ng nh\u1eb9 nh\u00e0ng c\u1ee7a b\u1ea1n n\u1ebfu b\u1ea1n mu\u1ed1n c\u1ea7m \u0111\u1ed3 ho\u1eb7c b\u00e1n.<\/p>\n<p>[\/et_pb_text][\/et_pb_column][\/et_pb_row][\/et_pb_section][et_pb_section fb_built=&#8221;1&#8243; _builder_version=&#8221;4.17.6&#8243; _module_preset=&#8221;default&#8221; global_colors_info=&#8221;{}&#8221;][et_pb_row _builder_version=&#8221;4.17.6&#8243; _module_preset=&#8221;default&#8221; global_colors_info=&#8221;{}&#8221;][et_pb_column type=&#8221;4_4&#8243; _builder_version=&#8221;4.17.6&#8243; _module_preset=&#8221;default&#8221; global_colors_info=&#8221;{}&#8221;][et_pb_blog fullwidth=&#8221;off&#8221; posts_number=&#8221;9&#8243; include_categories=&#8221;all&#8221; show_more=&#8221;on&#8221; use_overlay=&#8221;on&#8221; _builder_version=&#8221;4.17.6&#8243; _module_preset=&#8221;default&#8221; header_font=&#8221;ZapfHumanist601BT-Roman||||||||&#8221; header_letter_spacing=&#8221;1px&#8221; header_line_height=&#8221;1.5em&#8221; body_font=&#8221;||||||||&#8221; body_letter_spacing=&#8221;1px&#8221; body_line_height=&#8221;2em&#8221; meta_text_color=&#8221;#0046a3&#8243; text_orientation=&#8221;center&#8221; border_width_all_image=&#8221;1px&#8221; border_style_all_image=&#8221;dotted&#8221; box_shadow_style_image=&#8221;preset1&#8243; global_colors_info=&#8221;{}&#8221;][\/et_pb_blog][\/et_pb_column][\/et_pb_row][\/et_pb_section][et_pb_section fb_built=&#8221;1&#8243; _builder_version=&#8221;4.17.6&#8243; _module_preset=&#8221;default&#8221; background_color=&#8221;#004fb7&#8243; global_module=&#8221;370&#8243; saved_tabs=&#8221;all&#8221; global_colors_info=&#8221;{}&#8221;][et_pb_row column_structure=&#8221;1_4,1_4,1_2&#8243; use_custom_gutter=&#8221;on&#8221; gutter_width=&#8221;2&#8243; custom_padding_last_edited=&#8221;on|phone&#8221; _builder_version=&#8221;4.17.6&#8243; _module_preset=&#8221;default&#8221; width=&#8221;90%&#8221; max_width=&#8221;1350px&#8221; custom_padding=&#8221;||0px||false|false&#8221; custom_padding_tablet=&#8221;&#8221; custom_padding_phone=&#8221;0px||0px||false|false&#8221; global_colors_info=&#8221;{}&#8221;][et_pb_column type=&#8221;1_4&#8243; _builder_version=&#8221;4.17.6&#8243; _module_preset=&#8221;default&#8221; global_colors_info=&#8221;{}&#8221;][et_pb_text _builder_version=&#8221;4.17.6&#8243; _module_preset=&#8221;default&#8221; text_font=&#8221;AvenirLTStd-Roman||||||||&#8221; link_font=&#8221;AvenirLTStd-Roman||||||||&#8221; link_text_color=&#8221;#FFFFFF&#8221; link_font_size=&#8221;16px&#8221; link_letter_spacing=&#8221;1px&#8221; link_line_height=&#8221;2em&#8221; ul_font=&#8221;Acme||||||||&#8221; ul_font_size=&#8221;16px&#8221; ul_letter_spacing=&#8221;2px&#8221; ul_line_height=&#8221;2.6em&#8221; header_3_font=&#8221;ZapfHumanist601BT-Roman|700|||||||&#8221; header_3_text_color=&#8221;#EDF000&#8243; header_3_letter_spacing=&#8221;2px&#8221; header_3_line_height=&#8221;1.5em&#8221; background_layout=&#8221;dark&#8221; global_colors_info=&#8221;{}&#8221;]<\/p>\n<h3>Nh\u1eefng th\u00e0nh ph\u1ed1 ch\u00fang t\u00f4i ph\u1ee5c v\u1ee5<\/h3>\n<ul style=\"list-style-type: none; padding: 0px;\">\n<li><a href=\"#\"> Westminster<\/a><\/li>\n<li><a href=\"#\"> Stanton<\/a><\/li>\n<li><a href=\"#\"> Cypress<\/a><\/li>\n<li><a href=\"#\"> Seal Beach<\/a><\/li>\n<li><a href=\"#\"> Huntington Beach<\/a><\/li>\n<li><a href=\"#\"> Anaheim<\/a><\/li>\n<li><a href=\"#\"> Long Beach<\/a><\/li>\n<\/ul>\n<p>[\/et_pb_text][et_pb_menu menu_id=&#8221;15&#8243; active_link_color=&#8221;#FFFFFF&#8221; dropdown_menu_text_color=&#8221;#000000&#8243; module_class=&#8221;lwp-hide-mobile-menu&#8221; _builder_version=&#8221;4.17.6&#8243; _module_preset=&#8221;default&#8221; menu_text_color=&#8221;#FFFFFF&#8221; background_enable_color=&#8221;off&#8221; global_colors_info=&#8221;{}&#8221;][\/et_pb_menu][\/et_pb_column][et_pb_column type=&#8221;1_4&#8243; _builder_version=&#8221;4.17.6&#8243; _module_preset=&#8221;default&#8221; global_colors_info=&#8221;{}&#8221;][et_pb_text _builder_version=&#8221;4.17.6&#8243; _module_preset=&#8221;default&#8221; text_font=&#8221;AvenirLTStd-Roman||||||||&#8221; text_font_size=&#8221;16px&#8221; text_letter_spacing=&#8221;2px&#8221; text_line_height=&#8221;1.9em&#8221; link_font=&#8221;Source Sans Pro||||||||&#8221; link_text_color=&#8221;#FFFFFF&#8221; link_font_size=&#8221;16px&#8221; link_letter_spacing=&#8221;1px&#8221; link_line_height=&#8221;2em&#8221; header_3_font=&#8221;ZapfHumanist601BT-Roman|700|||||||&#8221; header_3_text_color=&#8221;#EDF000&#8243; header_3_letter_spacing=&#8221;2px&#8221; header_3_line_height=&#8221;1.5em&#8221; background_layout=&#8221;dark&#8221; global_colors_info=&#8221;{}&#8221;]<\/p>\n<h3>th\u00f4ng tin li\u00ean h\u1ec7<\/h3>\n<p><strong>Westminster Mega Pawn<\/strong><br \/>\n7095 Westminster Blvd<br \/>\nWestminster, CA 92683[\/et_pb_text][et_pb_text _builder_version=&#8221;4.17.6&#8243; _module_preset=&#8221;default&#8221; text_font=&#8221;AvenirLTStd-Roman||||||||&#8221; text_font_size=&#8221;16px&#8221; text_letter_spacing=&#8221;2px&#8221; text_line_height=&#8221;1.9em&#8221; link_font=&#8221;Source Sans Pro||||||||&#8221; link_text_color=&#8221;#FFFFFF&#8221; link_font_size=&#8221;16px&#8221; link_letter_spacing=&#8221;1px&#8221; link_line_height=&#8221;2em&#8221; header_3_font=&#8221;ZapfHumanist601BT-Roman|700|||||||&#8221; header_3_text_color=&#8221;#EDF000&#8243; header_3_letter_spacing=&#8221;2px&#8221; header_3_line_height=&#8221;1.5em&#8221; background_layout=&#8221;dark&#8221; global_colors_info=&#8221;{}&#8221;]<\/p>\n<h3>Gi\u1edd m\u1edf c\u1eeda<\/h3>\n<p>Th\u1ee9 Hai \u2013 Th\u1ee9 B\u1ea3y: 9 gi\u1edd s\u00e1ng \u2013 6 gi\u1edd chi\u1ec1u<br \/>\nCh\u1ee7 nh\u1eadt: \u0110\u00f3ng c\u1eeda[\/et_pb_text][et_pb_text _builder_version=&#8221;4.17.6&#8243; _module_preset=&#8221;default&#8221; text_font=&#8221;avenir-roman||||||||&#8221; link_font=&#8221;Source Sans Pro||||||||&#8221; link_text_color=&#8221;#FFFFFF&#8221; link_font_size=&#8221;18px&#8221; link_letter_spacing=&#8221;1px&#8221; link_line_height=&#8221;2em&#8221; header_3_font=&#8221;ZapfHumanist601BT-Roman||||||||&#8221; header_3_text_color=&#8221;#EDF000&#8243; header_3_font_size=&#8221;18px&#8221; header_3_letter_spacing=&#8221;2px&#8221; header_3_line_height=&#8221;1.5em&#8221; background_layout=&#8221;dark&#8221; global_colors_info=&#8221;{}&#8221; header_3_letter_spacing__hover_enabled=&#8221;off|desktop&#8221;]<\/p>\n<h3>Tel: <a href=\"tel:714-893-0555\">714-893-0555<\/a><\/h3>\n<h3>Email: <a href=\"mailto:info@westminsterpawn.com\">info@westminsterpawn.com<\/a><\/h3>\n<p>[\/et_pb_text][\/et_pb_column][et_pb_column type=&#8221;1_2&#8243; _builder_version=&#8221;4.17.6&#8243; _module_preset=&#8221;default&#8221; global_colors_info=&#8221;{}&#8221;][et_pb_text _builder_version=&#8221;4.17.6&#8243; _module_preset=&#8221;default&#8221; global_colors_info=&#8221;{}&#8221;]<iframe src=\"https:\/\/www.google.com\/maps\/embed?pb=!1m14!1m8!1m3!1d5578.545959475651!2d-118.0070193952293!3d33.76006445726803!3m2!1i1024!2i768!4f13.1!3m3!1m2!1s0x0%3A0x92a635536b27d5c3!2sWestminster%20Jewelry%20%26%20Loan!5e0!3m2!1sen!2sus!4v1661526936853!5m2!1sen!2sus\" width=\"100%\" height=\"370\" style=\"border: 0;\" allowfullscreen=\"\" loading=\"lazy\" referrerpolicy=\"no-referrer-when-downgrade\"><\/iframe>[\/et_pb_text][\/et_pb_column][\/et_pb_row][\/et_pb_section]<\/p>\n","protected":false},"excerpt":{"rendered":"<p>C\u00e1c b\u00e0i \u0111\u0103ng tr\u00ean blog c\u1ee7a ch\u00fang t\u00f4 Westminster Pawn t\u1ef1 h\u00e0o cung c\u1ea5p m\u1ee9c gi\u00e1 tuy\u1ec7t v\u1eddi cho c\u00e1c lo\u1ea1i \u0111\u1ed3 \u0111i\u1ec7n t\u1eed ch\u1ea5t l\u01b0\u1ee3ng cao. Ch\u00fang t\u00f4i c\u0169ng cung c\u1ea5p nhi\u1ec1u nh\u1ea5t cho c\u00e1c thi\u1ebft b\u1ecb \u0111i\u1ec7n t\u1eed \u0111\u01b0\u1ee3c s\u1eed d\u1ee5ng nh\u1eb9 nh\u00e0ng c\u1ee7a b\u1ea1n n\u1ebfu b\u1ea1n mu\u1ed1n c\u1ea7m \u0111\u1ed3 ho\u1eb7c b\u00e1n.Nh\u1eefng th\u00e0nh [&hellip;]<\/p>\n","protected":false},"author":1,"featured_media":0,"parent":0,"menu_order":0,"comment_status":"closed","ping_status":"closed","template":"","meta":{"_et_pb_use_builder":"on","_et_pb_old_content":"","_et_gb_content_width":"","footnotes":""},"class_list":["post-787","page","type-page","status-publish","hentry"],"yoast_head":"<!-- This site is optimized with the Yoast SEO plugin v27.1.1 - https:\/\/yoast.com\/product\/yoast-seo-wordpress\/ -->\n<title>Blog - Pawn Shop Westminster<\/title>\n<meta name=\"robots\" content=\"index, follow, max-snippet:-1, max-image-preview:large, max-video-preview:-1\" \/>\n<link rel=\"canonical\" href=\"https:\/\/westminsterpawn.com\/vietnamese\/blog\/\" \/>\n<meta property=\"og:locale\" content=\"en_US\" \/>\n<meta property=\"og:type\" content=\"article\" \/>\n<meta property=\"og:title\" content=\"Blog - Pawn Shop Westminster\" \/>\n<meta property=\"og:description\" content=\"C\u00e1c b\u00e0i \u0111\u0103ng tr\u00ean blog c\u1ee7a ch\u00fang t\u00f4 Westminster Pawn t\u1ef1 h\u00e0o cung c\u1ea5p m\u1ee9c gi\u00e1 tuy\u1ec7t v\u1eddi cho c\u00e1c lo\u1ea1i \u0111\u1ed3 \u0111i\u1ec7n t\u1eed ch\u1ea5t l\u01b0\u1ee3ng cao. Ch\u00fang t\u00f4i c\u0169ng cung c\u1ea5p nhi\u1ec1u nh\u1ea5t cho c\u00e1c thi\u1ebft b\u1ecb \u0111i\u1ec7n t\u1eed \u0111\u01b0\u1ee3c s\u1eed d\u1ee5ng nh\u1eb9 nh\u00e0ng c\u1ee7a b\u1ea1n n\u1ebfu b\u1ea1n mu\u1ed1n c\u1ea7m \u0111\u1ed3 ho\u1eb7c b\u00e1n.Nh\u1eefng th\u00e0nh [&hellip;]\" \/>\n<meta property=\"og:url\" content=\"https:\/\/westminsterpawn.com\/vietnamese\/blog\/\" \/>\n<meta property=\"og:site_name\" content=\"Pawn Shop Westminster\" \/>\n<meta property=\"article:modified_time\" content=\"2022-10-11T13:10:03+00:00\" \/>\n<meta name=\"twitter:card\" content=\"summary_large_image\" \/>\n<meta name=\"twitter:label1\" content=\"Est. reading time\" \/>\n\t<meta name=\"twitter:data1\" content=\"2 minutes\" \/>\n<script type=\"application\/ld+json\" class=\"yoast-schema-graph\">{\"@context\":\"https:\/\/schema.org\",\"@graph\":[{\"@type\":\"WebPage\",\"@id\":\"https:\/\/westminsterpawn.com\/vietnamese\/blog\/\",\"url\":\"https:\/\/westminsterpawn.com\/vietnamese\/blog\/\",\"name\":\"Blog - Pawn Shop Westminster\",\"isPartOf\":{\"@id\":\"https:\/\/westminsterpawn.com\/vietnamese\/#website\"},\"datePublished\":\"2022-09-08T20:44:12+00:00\",\"dateModified\":\"2022-10-11T13:10:03+00:00\",\"breadcrumb\":{\"@id\":\"https:\/\/westminsterpawn.com\/vietnamese\/blog\/#breadcrumb\"},\"inLanguage\":\"en-US\",\"potentialAction\":[{\"@type\":\"ReadAction\",\"target\":[\"https:\/\/westminsterpawn.com\/vietnamese\/blog\/\"]}]},{\"@type\":\"BreadcrumbList\",\"@id\":\"https:\/\/westminsterpawn.com\/vietnamese\/blog\/#breadcrumb\",\"itemListElement\":[{\"@type\":\"ListItem\",\"position\":1,\"name\":\"Home\",\"item\":\"https:\/\/westminsterpawn.com\/vietnamese\/\"},{\"@type\":\"ListItem\",\"position\":2,\"name\":\"Blog\"}]},{\"@type\":\"WebSite\",\"@id\":\"https:\/\/westminsterpawn.com\/vietnamese\/#website\",\"url\":\"https:\/\/westminsterpawn.com\/vietnamese\/\",\"name\":\"Pawn Shop Westminster\",\"description\":\"Westminster Jewelry &amp; Loan\",\"potentialAction\":[{\"@type\":\"SearchAction\",\"target\":{\"@type\":\"EntryPoint\",\"urlTemplate\":\"https:\/\/westminsterpawn.com\/vietnamese\/?s={search_term_string}\"},\"query-input\":{\"@type\":\"PropertyValueSpecification\",\"valueRequired\":true,\"valueName\":\"search_term_string\"}}],\"inLanguage\":\"en-US\"}]}<\/script>\n<!-- \/ Yoast SEO plugin. -->","yoast_head_json":{"title":"Blog - Pawn Shop Westminster","robots":{"index":"index","follow":"follow","max-snippet":"max-snippet:-1","max-image-preview":"max-image-preview:large","max-video-preview":"max-video-preview:-1"},"canonical":"https:\/\/westminsterpawn.com\/vietnamese\/blog\/","og_locale":"en_US","og_type":"article","og_title":"Blog - Pawn Shop Westminster","og_description":"C\u00e1c b\u00e0i \u0111\u0103ng tr\u00ean blog c\u1ee7a ch\u00fang t\u00f4 Westminster Pawn t\u1ef1 h\u00e0o cung c\u1ea5p m\u1ee9c gi\u00e1 tuy\u1ec7t v\u1eddi cho c\u00e1c lo\u1ea1i \u0111\u1ed3 \u0111i\u1ec7n t\u1eed ch\u1ea5t l\u01b0\u1ee3ng cao. Ch\u00fang t\u00f4i c\u0169ng cung c\u1ea5p nhi\u1ec1u nh\u1ea5t cho c\u00e1c thi\u1ebft b\u1ecb \u0111i\u1ec7n t\u1eed \u0111\u01b0\u1ee3c s\u1eed d\u1ee5ng nh\u1eb9 nh\u00e0ng c\u1ee7a b\u1ea1n n\u1ebfu b\u1ea1n mu\u1ed1n c\u1ea7m \u0111\u1ed3 ho\u1eb7c b\u00e1n.Nh\u1eefng th\u00e0nh [&hellip;]","og_url":"https:\/\/westminsterpawn.com\/vietnamese\/blog\/","og_site_name":"Pawn Shop Westminster","article_modified_time":"2022-10-11T13:10:03+00:00","twitter_card":"summary_large_image","twitter_misc":{"Est. reading time":"2 minutes"},"schema":{"@context":"https:\/\/schema.org","@graph":[{"@type":"WebPage","@id":"https:\/\/westminsterpawn.com\/vietnamese\/blog\/","url":"https:\/\/westminsterpawn.com\/vietnamese\/blog\/","name":"Blog - Pawn Shop Westminster","isPartOf":{"@id":"https:\/\/westminsterpawn.com\/vietnamese\/#website"},"datePublished":"2022-09-08T20:44:12+00:00","dateModified":"2022-10-11T13:10:03+00:00","breadcrumb":{"@id":"https:\/\/westminsterpawn.com\/vietnamese\/blog\/#breadcrumb"},"inLanguage":"en-US","potentialAction":[{"@type":"ReadAction","target":["https:\/\/westminsterpawn.com\/vietnamese\/blog\/"]}]},{"@type":"BreadcrumbList","@id":"https:\/\/westminsterpawn.com\/vietnamese\/blog\/#breadcrumb","itemListElement":[{"@type":"ListItem","position":1,"name":"Home","item":"https:\/\/westminsterpawn.com\/vietnamese\/"},{"@type":"ListItem","position":2,"name":"Blog"}]},{"@type":"WebSite","@id":"https:\/\/westminsterpawn.com\/vietnamese\/#website","url":"https:\/\/westminsterpawn.com\/vietnamese\/","name":"Pawn Shop Westminster","description":"Westminster Jewelry &amp; Loan","potentialAction":[{"@type":"SearchAction","target":{"@type":"EntryPoint","urlTemplate":"https:\/\/westminsterpawn.com\/vietnamese\/?s={search_term_string}"},"query-input":{"@type":"PropertyValueSpecification","valueRequired":true,"valueName":"search_term_string"}}],"inLanguage":"en-US"}]}},"_links":{"self":[{"href":"https:\/\/westminsterpawn.com\/vietnamese\/wp-json\/wp\/v2\/pages\/787","targetHints":{"allow":["GET"]}}],"collection":[{"href":"https:\/\/westminsterpawn.com\/vietnamese\/wp-json\/wp\/v2\/pages"}],"about":[{"href":"https:\/\/westminsterpawn.com\/vietnamese\/wp-json\/wp\/v2\/types\/page"}],"author":[{"embeddable":true,"href":"https:\/\/westminsterpawn.com\/vietnamese\/wp-json\/wp\/v2\/users\/1"}],"replies":[{"embeddable":true,"href":"https:\/\/westminsterpawn.com\/vietnamese\/wp-json\/wp\/v2\/comments?post=787"}],"version-history":[{"count":8,"href":"https:\/\/westminsterpawn.com\/vietnamese\/wp-json\/wp\/v2\/pages\/787\/revisions"}],"predecessor-version":[{"id":1224,"href":"https:\/\/westminsterpawn.com\/vietnamese\/wp-json\/wp\/v2\/pages\/787\/revisions\/1224"}],"wp:attachment":[{"href":"https:\/\/westminsterpawn.com\/vietnamese\/wp-json\/wp\/v2\/media?parent=787"}],"curies":[{"name":"wp","href":"https:\/\/api.w.org\/{rel}","templated":true}]}}